{"version":"1.0","provider_name":"Mes Arquitectes","provider_url":"https:\/\/mes-arquitectes.com\/es","author_name":"admin","author_url":"https:\/\/mes-arquitectes.com\/es\/author\/ideared","title":"Casa en el Priorat - Mes Arquitectes","type":"rich","width":600,"height":338,"html":"<blockquote class=\"wp-embedded-content\" data-secret=\"GAn6j53WwV\"><a href=\"https:\/\/mes-arquitectes.com\/es\/proyecto\/casa-en-el-priorat-unificacion-edificaciones\">Casa en el Priorat<\/a><\/blockquote><iframe sandbox=\"allow-scripts\" security=\"restricted\" src=\"https:\/\/mes-arquitectes.com\/es\/proyecto\/casa-en-el-priorat-unificacion-edificaciones\/embed#?secret=GAn6j53WwV\" width=\"600\" height=\"338\" title=\"\u00abCasa en el Priorat\u00bb \u2014 Mes Arquitectes\" data-secret=\"GAn6j53WwV\" frameborder=\"0\" marginwidth=\"0\" marginheight=\"0\" scrolling=\"no\" class=\"wp-embedded-content\"><\/iframe><script>\n\/*! This file is auto-generated *\/\n!function(d,l){\"use strict\";l.querySelector&&d.addEventListener&&\"undefined\"!=typeof URL&&(d.wp=d.wp||{},d.wp.receiveEmbedMessage||(d.wp.receiveEmbedMessage=function(e){var t=e.data;if((t||t.secret||t.message||t.value)&&!\/[^a-zA-Z0-9]\/.test(t.secret)){for(var s,r,n,a=l.querySelectorAll('iframe[data-secret=\"'+t.secret+'\"]'),o=l.querySelectorAll('blockquote[data-secret=\"'+t.secret+'\"]'),c=new RegExp(\"^https?:$\",\"i\"),i=0;i<o.length;i++)o[i].style.display=\"none\";for(i=0;i<a.length;i++)s=a[i],e.source===s.contentWindow&&(s.removeAttribute(\"style\"),\"height\"===t.message?(1e3<(r=parseInt(t.value,10))?r=1e3:~~r<200&&(r=200),s.height=r):\"link\"===t.message&&(r=new URL(s.getAttribute(\"src\")),n=new URL(t.value),c.test(n.protocol))&&n.host===r.host&&l.activeElement===s&&(d.top.location.href=t.value))}},d.addEventListener(\"message\",d.wp.receiveEmbedMessage,!1),l.addEventListener(\"DOMContentLoaded\",function(){for(var e,t,s=l.querySelectorAll(\"iframe.wp-embedded-content\"),r=0;r<s.length;r++)(t=(e=s[r]).getAttribute(\"data-secret\"))||(t=Math.random().toString(36).substring(2,12),e.src+=\"#?secret=\"+t,e.setAttribute(\"data-secret\",t)),e.contentWindow.postMessage({message:\"ready\",secret:t},\"*\")},!1)))}(window,document);\n\/\/# sourceURL=https:\/\/mes-arquitectes.com\/wp-includes\/js\/wp-embed.min.js\n<\/script>\n","thumbnail_url":"https:\/\/mes-arquitectes.com\/wp-content\/uploads\/2026\/05\/01-facana-pati-casa-priorat-1280x853-1.jpg","thumbnail_width":1280,"thumbnail_height":853,"description":"[vc_row css=\u00bb.vc_custom_1769507290359{margin-top: 50px !important;}\u00bb][vc_column][vc_column_text css=\u00bb\u00bb]El proyecto surge de la unificaci\u00f3n de dos parcelas con edificaciones existentes sin ning\u00fan inter\u00e9s hist\u00f3rico que se derriban. La nueva vivienda plantea generar un patio interior, creando una fachada principal de piedra natural con aberturas [&hellip;]"}

[vc_row css=».vc_custom_1769507290359{margin-top: 50px !important;}»][vc_column][vc_column_text css=»»]El proyecto surge de la unificación de dos parcelas con edificaciones existentes sin ningún interés histórico que se derriban. La nueva vivienda plantea generar un patio interior, creando una fachada principal de piedra natural con aberturas [&hellip;]
