{"version":"1.0","provider_name":"Mes Arquitectes","provider_url":"https:\/\/mes-arquitectes.com\/es","author_name":"admin","author_url":"https:\/\/mes-arquitectes.com\/es\/author\/ideared","title":"Sostenibilidad - Mes Arquitectes","type":"rich","width":600,"height":338,"html":"<blockquote class=\"wp-embedded-content\" data-secret=\"XwXpPuCS8t\"><a href=\"https:\/\/mes-arquitectes.com\/es\/sostenibilidad\">Sostenibilidad<\/a><\/blockquote><iframe sandbox=\"allow-scripts\" security=\"restricted\" src=\"https:\/\/mes-arquitectes.com\/es\/sostenibilidad\/embed#?secret=XwXpPuCS8t\" width=\"600\" height=\"338\" title=\"\u00abSostenibilidad\u00bb \u2014 Mes Arquitectes\" data-secret=\"XwXpPuCS8t\" frameborder=\"0\" marginwidth=\"0\" marginheight=\"0\" scrolling=\"no\" class=\"wp-embedded-content\"><\/iframe><script>\n\/*! This file is auto-generated *\/\n!function(d,l){\"use strict\";l.querySelector&&d.addEventListener&&\"undefined\"!=typeof URL&&(d.wp=d.wp||{},d.wp.receiveEmbedMessage||(d.wp.receiveEmbedMessage=function(e){var t=e.data;if((t||t.secret||t.message||t.value)&&!\/[^a-zA-Z0-9]\/.test(t.secret)){for(var s,r,n,a=l.querySelectorAll('iframe[data-secret=\"'+t.secret+'\"]'),o=l.querySelectorAll('blockquote[data-secret=\"'+t.secret+'\"]'),c=new RegExp(\"^https?:$\",\"i\"),i=0;i<o.length;i++)o[i].style.display=\"none\";for(i=0;i<a.length;i++)s=a[i],e.source===s.contentWindow&&(s.removeAttribute(\"style\"),\"height\"===t.message?(1e3<(r=parseInt(t.value,10))?r=1e3:~~r<200&&(r=200),s.height=r):\"link\"===t.message&&(r=new URL(s.getAttribute(\"src\")),n=new URL(t.value),c.test(n.protocol))&&n.host===r.host&&l.activeElement===s&&(d.top.location.href=t.value))}},d.addEventListener(\"message\",d.wp.receiveEmbedMessage,!1),l.addEventListener(\"DOMContentLoaded\",function(){for(var e,t,s=l.querySelectorAll(\"iframe.wp-embedded-content\"),r=0;r<s.length;r++)(t=(e=s[r]).getAttribute(\"data-secret\"))||(t=Math.random().toString(36).substring(2,12),e.src+=\"#?secret=\"+t,e.setAttribute(\"data-secret\",t)),e.contentWindow.postMessage({message:\"ready\",secret:t},\"*\")},!1)))}(window,document);\n\/\/# sourceURL=https:\/\/mes-arquitectes.com\/wp-includes\/js\/wp-embed.min.js\n<\/script>\n","description":"[vc_row][vc_column][vc_empty_space height=\u00bb20px\u00bb][vc_column_text css=\u00bb\u00bb]El concepto \u201cPasiva\u201d se usa para definir la capacidad de la edificaci\u00f3n para aprovechar al m\u00e1ximo los recursos naturales de su entorno, persiguiendo un funcionamiento lo m\u00e1s aut\u00f3nomo posible, minimizando la aportaci\u00f3n de energ\u00eda adicional y la dependencia [&hellip;]","thumbnail_url":"https:\/\/mes-arquitectes.com\/wp-content\/uploads\/2026\/01\/13-logo-certified-passive-house.jpg","thumbnail_width":692,"thumbnail_height":688}

[vc_row][vc_column][vc_empty_space height=»20px»][vc_column_text css=»»]El concepto “Pasiva” se usa para definir la capacidad de la edificación para aprovechar al máximo los recursos naturales de su entorno, persiguiendo un funcionamiento lo más autónomo posible, minimizando la aportación de energía adicional y la dependencia [&hellip;]
