{"id":10844,"date":"2026-02-03T09:24:41","date_gmt":"2026-02-03T08:24:41","guid":{"rendered":"https:\/\/mes-arquitectes.com\/servicios-arquitectura\/retail"},"modified":"2026-02-05T13:27:08","modified_gmt":"2026-02-05T13:27:08","slug":"retail","status":"publish","type":"page","link":"https:\/\/mes-arquitectes.com\/es\/servicios-arquitectura\/retail","title":{"rendered":"Retail"},"content":{"rendered":"<div class=\"wpb-content-wrapper\"><p>[vc_row equal_height=\u00bbyes\u00bb content_placement=\u00bbmiddle\u00bb css=\u00bb.vc_custom_1769102006256{margin-top: 30px !important;margin-bottom: 50px !important;}\u00bb][vc_column width=\u00bb1\/2&#8243;][vc_column_text css=\u00bb\u00bb]<\/p>\n<div class=\"et_pb_text_inner\">\n<p style=\"text-align: left;\">La imagen de un negocio abierto al p\u00fablico es de vital importancia. M\u00e1s all\u00e1 de estar a la \u00faltima en las nuevas tendencias est\u00e9ticas (o de tratar de anticiparse a ellas) se trata de lograr la imagen que define el perfil propio de la marca. Buscamos una imagen con las dosis adecuadas de contemporaneidad, estilo rompedor y frescura que logre a la par la m\u00e1xima atemporalidad.<\/p>\n<p style=\"text-align: left;\">A su vez, el proyecto debe tener siempre como protagonistas principales al producto y la estrategia de ventas, aprovechando los puntos fuertes de la ubicaci\u00f3n del local y sacando el mayor partido de sus espacios.<\/p>\n<p style=\"text-align: left;\">Tan importante como el resultado final es solventar de manera \u00e1gil los tr\u00e1mites con la administraci\u00f3n, as\u00ed como los plazos de ejecuci\u00f3n, ya que ambos factores pueden suponer un aut\u00e9ntico obst\u00e1culo si no son gestionados adecuadamente.<\/p>\n<p style=\"text-align: left;\">Retail significa tambi\u00e9n una imagen de marca y una estrategia de ventas correctamente traducidas a espacio.<\/p>\n<\/div>\n<p>[\/vc_column_text][\/vc_column][vc_column width=\u00bb1\/2&#8243;][vc_single_image image=\u00bb10847&#8243; img_size=\u00bb635&#215;350&#8243; css=\u00bb\u00bb][\/vc_column][\/vc_row][vc_row css=\u00bb.vc_custom_1769510038763{margin-top: 50px !important;margin-bottom: 50px !important;}\u00bb][vc_column][vc_column_text css=\u00bb\u00bb]<\/p>\n<blockquote><p><strong>\u201cLa vida de la gente no gira alrededor de tu marca. Gira alrededor de la vida.\u201d<\/strong><\/p>\n<p>(Mike Arauz, fundador y presidente de August Public)<\/p><\/blockquote>\n<p>[\/vc_column_text][\/vc_column][\/vc_row][vc_row full_width=\u00bbstretch_row\u00bb simple_background_color=\u00bb#F5F5F5&#8243; css=\u00bb.vc_custom_1770029708799{padding-top: 40px !important;padding-bottom: 40px !important;background-color: #F5F5F5 !important;}\u00bb][vc_column]<div class=\"edgtf-call-to-action-holder  edgtf-normal-layout edgtf-content-in-grid edgtf-three-quarters-columns\">\n\t<div class=\"edgtf-cta-inner  edgtf-grid\">\n\t\t<div class=\"edgtf-cta-text-holder\">\n\t\t\t<div class=\"edgtf-cta-text\">\n<h4><strong>\u00bfNecesitas m\u00e1s informaci\u00f3n sobre nuestros servicios?<\/strong><\/h4>\n<h5>P\u00eddenos presupuesto sin compromiso<\/h5>\n<\/div>\n\t\t<\/div>\n\t\t<div class=\"edgtf-cta-button-holder\" >\n\t\t\t<div class=\"edgtf-cta-button\"><a itemprop=\"url\" href=\"\/contacte\" target=\"_self\"  class=\"edgtf-btn edgtf-btn-medium edgtf-btn-solid\"  >    <span class=\"edgtf-btn-text\">Cont\u00e1ctanos<\/span>    <\/a><\/div>\n\t\t<\/div>\n\t<\/div>\n<\/div>[\/vc_column][\/vc_row]<\/p>\n<\/div>","protected":false},"excerpt":{"rendered":"<p>[vc_row equal_height=\u00bbyes\u00bb content_placement=\u00bbmiddle\u00bb css=\u00bb.vc_custom_1769102006256{margin-top: 30px !important;margin-bottom: 50px !important;}\u00bb][vc_column width=\u00bb1\/2&#8243;][vc_column_text css=\u00bb\u00bb] La imagen de un negocio abierto al p\u00fablico es de vital importancia. M\u00e1s all\u00e1 de estar a la \u00faltima en las nuevas tendencias est\u00e9ticas (o de tratar de anticiparse a [&hellip;]<\/p>\n","protected":false},"author":1,"featured_media":0,"parent":10731,"menu_order":0,"comment_status":"closed","ping_status":"closed","template":"","meta":{"footnotes":""},"class_list":["post-10844","page","type-page","status-publish","hentry"],"yoast_head":"<!-- This site is optimized with the Yoast SEO plugin v26.9 - https:\/\/yoast.com\/product\/yoast-seo-wordpress\/ -->\n<title>Retail - Mes Arquitectes<\/title>\n<meta name=\"robots\" content=\"index, follow, max-snippet:-1, max-image-preview:large, max-video-preview:-1\" \/>\n<link rel=\"canonical\" href=\"https:\/\/mes-arquitectes.com\/es\/servicios-arquitectura\/retail\" \/>\n<meta property=\"og:locale\" content=\"es_ES\" \/>\n<meta property=\"og:type\" content=\"article\" \/>\n<meta property=\"og:title\" content=\"Retail - Mes Arquitectes\" \/>\n<meta property=\"og:description\" content=\"[vc_row equal_height=\u00bbyes\u00bb content_placement=\u00bbmiddle\u00bb css=\u00bb.vc_custom_1769102006256{margin-top: 30px !important;margin-bottom: 50px !important;}\u00bb][vc_column width=\u00bb1\/2&#8243;][vc_column_text css=\u00bb\u00bb] La imagen de un negocio abierto al p\u00fablico es de vital importancia. M\u00e1s all\u00e1 de estar a la \u00faltima en las nuevas tendencias est\u00e9ticas (o de tratar de anticiparse a [&hellip;]\" \/>\n<meta property=\"og:url\" content=\"https:\/\/mes-arquitectes.com\/es\/servicios-arquitectura\/retail\" \/>\n<meta property=\"og:site_name\" content=\"Mes Arquitectes\" \/>\n<meta property=\"article:modified_time\" content=\"2026-02-05T13:27:08+00:00\" \/>\n<meta name=\"twitter:card\" content=\"summary_large_image\" \/>\n<meta name=\"twitter:label1\" content=\"Tiempo de lectura\" \/>\n\t<meta name=\"twitter:data1\" content=\"2 minutos\" \/>\n<script type=\"application\/ld+json\" class=\"yoast-schema-graph\">{\"@context\":\"https:\/\/schema.org\",\"@graph\":[{\"@type\":\"WebPage\",\"@id\":\"https:\/\/mes-arquitectes.com\/es\/servicios-arquitectura\/retail\",\"url\":\"https:\/\/mes-arquitectes.com\/es\/servicios-arquitectura\/retail\",\"name\":\"Retail - Mes Arquitectes\",\"isPartOf\":{\"@id\":\"https:\/\/mes-arquitectes.com\/es#website\"},\"datePublished\":\"2026-02-03T08:24:41+00:00\",\"dateModified\":\"2026-02-05T13:27:08+00:00\",\"breadcrumb\":{\"@id\":\"https:\/\/mes-arquitectes.com\/es\/servicios-arquitectura\/retail#breadcrumb\"},\"inLanguage\":\"es\",\"potentialAction\":[{\"@type\":\"ReadAction\",\"target\":[\"https:\/\/mes-arquitectes.com\/es\/servicios-arquitectura\/retail\"]}]},{\"@type\":\"BreadcrumbList\",\"@id\":\"https:\/\/mes-arquitectes.com\/es\/servicios-arquitectura\/retail#breadcrumb\",\"itemListElement\":[{\"@type\":\"ListItem\",\"position\":1,\"name\":\"Portada\",\"item\":\"https:\/\/mes-arquitectes.com\/es\"},{\"@type\":\"ListItem\",\"position\":2,\"name\":\"Servicios de arquitectura\",\"item\":\"https:\/\/mes-arquitectes.com\/es\/servicios-arquitectura\"},{\"@type\":\"ListItem\",\"position\":3,\"name\":\"Retail\"}]},{\"@type\":\"WebSite\",\"@id\":\"https:\/\/mes-arquitectes.com\/es#website\",\"url\":\"https:\/\/mes-arquitectes.com\/es\",\"name\":\"Mes Arquitectes\",\"description\":\"Arquitectes i interioristes de Barcelona\",\"potentialAction\":[{\"@type\":\"SearchAction\",\"target\":{\"@type\":\"EntryPoint\",\"urlTemplate\":\"https:\/\/mes-arquitectes.com\/es?s={search_term_string}\"},\"query-input\":{\"@type\":\"PropertyValueSpecification\",\"valueRequired\":true,\"valueName\":\"search_term_string\"}}],\"inLanguage\":\"es\"}]}<\/script>\n<!-- \/ Yoast SEO plugin. -->","yoast_head_json":{"title":"Retail - Mes Arquitectes","robots":{"index":"index","follow":"follow","max-snippet":"max-snippet:-1","max-image-preview":"max-image-preview:large","max-video-preview":"max-video-preview:-1"},"canonical":"https:\/\/mes-arquitectes.com\/es\/servicios-arquitectura\/retail","og_locale":"es_ES","og_type":"article","og_title":"Retail - Mes Arquitectes","og_description":"[vc_row equal_height=\u00bbyes\u00bb content_placement=\u00bbmiddle\u00bb css=\u00bb.vc_custom_1769102006256{margin-top: 30px !important;margin-bottom: 50px !important;}\u00bb][vc_column width=\u00bb1\/2&#8243;][vc_column_text css=\u00bb\u00bb] La imagen de un negocio abierto al p\u00fablico es de vital importancia. M\u00e1s all\u00e1 de estar a la \u00faltima en las nuevas tendencias est\u00e9ticas (o de tratar de anticiparse a [&hellip;]","og_url":"https:\/\/mes-arquitectes.com\/es\/servicios-arquitectura\/retail","og_site_name":"Mes Arquitectes","article_modified_time":"2026-02-05T13:27:08+00:00","twitter_card":"summary_large_image","twitter_misc":{"Tiempo de lectura":"2 minutos"},"schema":{"@context":"https:\/\/schema.org","@graph":[{"@type":"WebPage","@id":"https:\/\/mes-arquitectes.com\/es\/servicios-arquitectura\/retail","url":"https:\/\/mes-arquitectes.com\/es\/servicios-arquitectura\/retail","name":"Retail - Mes Arquitectes","isPartOf":{"@id":"https:\/\/mes-arquitectes.com\/es#website"},"datePublished":"2026-02-03T08:24:41+00:00","dateModified":"2026-02-05T13:27:08+00:00","breadcrumb":{"@id":"https:\/\/mes-arquitectes.com\/es\/servicios-arquitectura\/retail#breadcrumb"},"inLanguage":"es","potentialAction":[{"@type":"ReadAction","target":["https:\/\/mes-arquitectes.com\/es\/servicios-arquitectura\/retail"]}]},{"@type":"BreadcrumbList","@id":"https:\/\/mes-arquitectes.com\/es\/servicios-arquitectura\/retail#breadcrumb","itemListElement":[{"@type":"ListItem","position":1,"name":"Portada","item":"https:\/\/mes-arquitectes.com\/es"},{"@type":"ListItem","position":2,"name":"Servicios de arquitectura","item":"https:\/\/mes-arquitectes.com\/es\/servicios-arquitectura"},{"@type":"ListItem","position":3,"name":"Retail"}]},{"@type":"WebSite","@id":"https:\/\/mes-arquitectes.com\/es#website","url":"https:\/\/mes-arquitectes.com\/es","name":"Mes Arquitectes","description":"Arquitectes i interioristes de Barcelona","potentialAction":[{"@type":"SearchAction","target":{"@type":"EntryPoint","urlTemplate":"https:\/\/mes-arquitectes.com\/es?s={search_term_string}"},"query-input":{"@type":"PropertyValueSpecification","valueRequired":true,"valueName":"search_term_string"}}],"inLanguage":"es"}]}},"_links":{"self":[{"href":"https:\/\/mes-arquitectes.com\/es\/wp-json\/wp\/v2\/pages\/10844","targetHints":{"allow":["GET"]}}],"collection":[{"href":"https:\/\/mes-arquitectes.com\/es\/wp-json\/wp\/v2\/pages"}],"about":[{"href":"https:\/\/mes-arquitectes.com\/es\/wp-json\/wp\/v2\/types\/page"}],"author":[{"embeddable":true,"href":"https:\/\/mes-arquitectes.com\/es\/wp-json\/wp\/v2\/users\/1"}],"replies":[{"embeddable":true,"href":"https:\/\/mes-arquitectes.com\/es\/wp-json\/wp\/v2\/comments?post=10844"}],"version-history":[{"count":4,"href":"https:\/\/mes-arquitectes.com\/es\/wp-json\/wp\/v2\/pages\/10844\/revisions"}],"predecessor-version":[{"id":10850,"href":"https:\/\/mes-arquitectes.com\/es\/wp-json\/wp\/v2\/pages\/10844\/revisions\/10850"}],"up":[{"embeddable":true,"href":"https:\/\/mes-arquitectes.com\/es\/wp-json\/wp\/v2\/pages\/10731"}],"wp:attachment":[{"href":"https:\/\/mes-arquitectes.com\/es\/wp-json\/wp\/v2\/media?parent=10844"}],"curies":[{"name":"wp","href":"https:\/\/api.w.org\/{rel}","templated":true}]}}

<div class="wpb-content-wrapper"><p>[vc_row equal_height=»yes» content_placement=»middle» css=».vc_custom_1769102006256{margin-top: 30px !important;margin-bottom: 50px !important;}»][vc_column width=»1/2&#8243;][vc_column_text css=»»]</p>
<div class="et_pb_text_inner">
<p style="text-align: left;">La imagen de un negocio abierto al público es de vital importancia. Más allá de estar a la última en las nuevas tendencias estéticas (o de tratar de anticiparse a ellas) se trata de lograr la imagen que define el perfil propio de la marca. Buscamos una imagen con las dosis adecuadas de contemporaneidad, estilo rompedor y frescura que logre a la par la máxima atemporalidad.</p>
<p style="text-align: left;">A su vez, el proyecto debe tener siempre como protagonistas principales al producto y la estrategia de ventas, aprovechando los puntos fuertes de la ubicación del local y sacando el mayor partido de sus espacios.</p>
<p style="text-align: left;">Tan importante como el resultado final es solventar de manera ágil los trámites con la administración, así como los plazos de ejecución, ya que ambos factores pueden suponer un auténtico obstáculo si no son gestionados adecuadamente.</p>
<p style="text-align: left;">Retail significa también una imagen de marca y una estrategia de ventas correctamente traducidas a espacio.</p>
</div>
<p>[/vc_column_text][/vc_column][vc_column width=»1/2&#8243;][vc_single_image image=»10847&#8243; img_size=»635&#215;350&#8243; css=»»][/vc_column][/vc_row][vc_row css=».vc_custom_1769510038763{margin-top: 50px !important;margin-bottom: 50px !important;}»][vc_column][vc_column_text css=»»]</p>
<blockquote><p><strong>“La vida de la gente no gira alrededor de tu marca. Gira alrededor de la vida.”</strong></p>
<p>(Mike Arauz, fundador y presidente de August Public)</p></blockquote>
<p>[/vc_column_text][/vc_column][/vc_row][vc_row full_width=»stretch_row» simple_background_color=»#F5F5F5&#8243; css=».vc_custom_1770029708799{padding-top: 40px !important;padding-bottom: 40px !important;background-color: #F5F5F5 !important;}»][vc_column]<div class="edgtf-call-to-action-holder  edgtf-normal-layout edgtf-content-in-grid edgtf-three-quarters-columns">
	<div class="edgtf-cta-inner  edgtf-grid">
		<div class="edgtf-cta-text-holder">
			<div class="edgtf-cta-text">
<h4><strong>¿Necesitas más información sobre nuestros servicios?</strong></h4>
<h5>Pídenos presupuesto sin compromiso</h5>
</div>
		</div>
		<div class="edgtf-cta-button-holder" >
			<div class="edgtf-cta-button"><a itemprop="url" href="/contacte" target="_self"  class="edgtf-btn edgtf-btn-medium edgtf-btn-solid"  >    <span class="edgtf-btn-text">Contáctanos</span>    </a></div>
		</div>
	</div>
</div>[/vc_column][/vc_row]</p>
</div>

<p>[vc_row equal_height=»yes» content_placement=»middle» css=».vc_custom_1769102006256{margin-top: 30px !important;margin-bottom: 50px !important;}»][vc_column width=»1/2&#8243;][vc_column_text css=»»] La imagen de un negocio abierto al público es de vital importancia. Más allá de estar a la última en las nuevas tendencias estéticas (o de tratar de anticiparse a [&hellip;]</p>

<!-- This site is optimized with the Yoast SEO plugin v26.9 - https://yoast.com/product/yoast-seo-wordpress/ -->
<title>Retail - Mes Arquitectes</title>
<meta name="robots" content="index, follow, max-snippet:-1, max-image-preview:large, max-video-preview:-1" />
<link rel="canonical" href="https://mes-arquitectes.com/es/servicios-arquitectura/retail" />
<meta property="og:locale" content="es_ES" />
<meta property="og:type" content="article" />
<meta property="og:title" content="Retail - Mes Arquitectes" />
<meta property="og:description" content="[vc_row equal_height=»yes» content_placement=»middle» css=».vc_custom_1769102006256{margin-top: 30px !important;margin-bottom: 50px !important;}»][vc_column width=»1/2&#8243;][vc_column_text css=»»] La imagen de un negocio abierto al público es de vital importancia. Más allá de estar a la última en las nuevas tendencias estéticas (o de tratar de anticiparse a [&hellip;]" />
<meta property="og:url" content="https://mes-arquitectes.com/es/servicios-arquitectura/retail" />
<meta property="og:site_name" content="Mes Arquitectes" />
<meta property="article:modified_time" content="2026-02-05T13:27:08+00:00" />
<meta name="twitter:card" content="summary_large_image" />
<meta name="twitter:label1" content="Tiempo de lectura" />
	<meta name="twitter:data1" content="2 minutos" />
<script type="application/ld+json" class="yoast-schema-graph">{"@context":"https://schema.org","@graph":[{"@type":"WebPage","@id":"https://mes-arquitectes.com/es/servicios-arquitectura/retail","url":"https://mes-arquitectes.com/es/servicios-arquitectura/retail","name":"Retail - Mes Arquitectes","isPartOf":{"@id":"https://mes-arquitectes.com/es#website"},"datePublished":"2026-02-03T08:24:41+00:00","dateModified":"2026-02-05T13:27:08+00:00","breadcrumb":{"@id":"https://mes-arquitectes.com/es/servicios-arquitectura/retail#breadcrumb"},"inLanguage":"es","potentialAction":[{"@type":"ReadAction","target":["https://mes-arquitectes.com/es/servicios-arquitectura/retail"]}]},{"@type":"BreadcrumbList","@id":"https://mes-arquitectes.com/es/servicios-arquitectura/retail#breadcrumb","itemListElement":[{"@type":"ListItem","position":1,"name":"Portada","item":"https://mes-arquitectes.com/es"},{"@type":"ListItem","position":2,"name":"Servicios de arquitectura","item":"https://mes-arquitectes.com/es/servicios-arquitectura"},{"@type":"ListItem","position":3,"name":"Retail"}]},{"@type":"WebSite","@id":"https://mes-arquitectes.com/es#website","url":"https://mes-arquitectes.com/es","name":"Mes Arquitectes","description":"Arquitectes i interioristes de Barcelona","potentialAction":[{"@type":"SearchAction","target":{"@type":"EntryPoint","urlTemplate":"https://mes-arquitectes.com/es?s={search_term_string}"},"query-input":{"@type":"PropertyValueSpecification","valueRequired":true,"valueName":"search_term_string"}}],"inLanguage":"es"}]}</script>
<!-- / Yoast SEO plugin. -->

[vc_row equal_height=»yes» content_placement=»middle» css=».vc_custom_1769102006256{margin-top: 30px !important;margin-bottom: 50px !important;}»][vc_column width=»1/2&#8243;][vc_column_text css=»»] La imagen de un negocio abierto al público es de vital importancia. Más allá de estar a la última en las nuevas tendencias estéticas (o de tratar de anticiparse a [&hellip;]
