{"id":10879,"date":"2026-02-02T11:24:17","date_gmt":"2026-02-02T10:24:17","guid":{"rendered":"https:\/\/mes-arquitectes.com\/servicios-arquitectura\/project-management-global"},"modified":"2026-02-05T14:08:55","modified_gmt":"2026-02-05T14:08:55","slug":"project-management-global","status":"publish","type":"page","link":"https:\/\/mes-arquitectes.com\/es\/servicios-arquitectura\/project-management-global","title":{"rendered":"Project management"},"content":{"rendered":"<div class=\"wpb-content-wrapper\"><p>[vc_row equal_height=\u00bbyes\u00bb content_placement=\u00bbmiddle\u00bb css=\u00bb.vc_custom_1769102006256{margin-top: 30px !important;margin-bottom: 50px !important;}\u00bb][vc_column width=\u00bb1\/2&#8243;][vc_column_text css=\u00bb\u00bb]<strong><em>Incertidumbre VS Control. Dos maneras de gestionar el riesgo para dos actividades con un prop\u00f3sito compartido: la descarga de adrenalina y emociones.<\/em><\/strong><\/p>\n<p>Durante la fase de proyecto aplicamos los m\u00e9todos del Management para controlar en todo momento el proceso arquitect\u00f3nico defendiendo los intereses de nuestros clientes, buscando la mejor calidad de ejecuci\u00f3n al menor coste posible y evitando las desviaciones de presupuesto por imprevistos.<\/p>\n<p>El proyecto arquitect\u00f3nico es un proceso m\u00e1s de los distintos que van a desarrollarse para lograr los objetivos marcados por el cliente. Por ello es importante establecer previamente otros procesos como la viabilidad econ\u00f3mica y otros de manera posterior como el control del presupuesto ya en fase ejecutiva o la monitorizaci\u00f3n durante el proceso de ejecuci\u00f3n de la obra. Paralelamente deber\u00e1n coordinarse los diferentes agentes implicados sin perder de vista su impacto e influencia en el proyecto.<\/p>\n<p>Solamente desde una perspectiva global del conjunto se podr\u00e1 garantizar el \u00e9xito del resultado. Tiempo, alcance y coste.[\/vc_column_text][\/vc_column][vc_column width=\u00bb1\/2&#8243;][vc_single_image image=\u00bb10757&#8243; img_size=\u00bb635&#215;350&#8243; css=\u00bb\u00bb][\/vc_column][\/vc_row][vc_row css=\u00bb.vc_custom_1769510038763{margin-top: 50px !important;margin-bottom: 50px !important;}\u00bb][vc_column][vc_column_text css=\u00bb\u00bb]<\/p>\n<blockquote><p><strong>\u201cGesti\u00f3n es hacer las cosas bien, liderazgo es hacer lo correcto.\u201d<\/strong><\/p>\n<p>(Peter Drucker, padre de la administraci\u00f3n en el siglo XX)<\/p><\/blockquote>\n<p>[\/vc_column_text][\/vc_column][\/vc_row][vc_row full_width=\u00bbstretch_row\u00bb simple_background_color=\u00bb#F5F5F5&#8243; css=\u00bb.vc_custom_1770029708799{padding-top: 40px !important;padding-bottom: 40px !important;background-color: #F5F5F5 !important;}\u00bb][vc_column]<div class=\"edgtf-call-to-action-holder  edgtf-normal-layout edgtf-content-in-grid edgtf-three-quarters-columns\">\n\t<div class=\"edgtf-cta-inner  edgtf-grid\">\n\t\t<div class=\"edgtf-cta-text-holder\">\n\t\t\t<div class=\"edgtf-cta-text\">\n<h4><strong>\u00bfNecesitas m\u00e1s informaci\u00f3n sobre nuestros servicios?<\/strong><\/h4>\n<h5>P\u00eddenos presupuesto sin compromiso<\/h5>\n<\/div>\n\t\t<\/div>\n\t\t<div class=\"edgtf-cta-button-holder\" >\n\t\t\t<div class=\"edgtf-cta-button\"><a itemprop=\"url\" href=\"\/contacte\" target=\"_self\"  class=\"edgtf-btn edgtf-btn-medium edgtf-btn-solid\"  >    <span class=\"edgtf-btn-text\">Cont\u00e1ctanos<\/span>    <\/a><\/div>\n\t\t<\/div>\n\t<\/div>\n<\/div>[\/vc_column][\/vc_row]<\/p>\n<\/div>","protected":false},"excerpt":{"rendered":"<p>[vc_row equal_height=\u00bbyes\u00bb content_placement=\u00bbmiddle\u00bb css=\u00bb.vc_custom_1769102006256{margin-top: 30px !important;margin-bottom: 50px !important;}\u00bb][vc_column width=\u00bb1\/2&#8243;][vc_column_text css=\u00bb\u00bb]Incertidumbre VS Control. Dos maneras de gestionar el riesgo para dos actividades con un prop\u00f3sito compartido: la descarga de adrenalina y emociones. Durante la fase de proyecto aplicamos los m\u00e9todos del [&hellip;]<\/p>\n","protected":false},"author":1,"featured_media":0,"parent":10731,"menu_order":0,"comment_status":"closed","ping_status":"closed","template":"","meta":{"footnotes":""},"class_list":["post-10879","page","type-page","status-publish","hentry"],"yoast_head":"<!-- This site is optimized with the Yoast SEO plugin v26.9 - https:\/\/yoast.com\/product\/yoast-seo-wordpress\/ -->\n<title>Project management - Mes Arquitectes<\/title>\n<meta name=\"robots\" content=\"index, follow, max-snippet:-1, max-image-preview:large, max-video-preview:-1\" \/>\n<link rel=\"canonical\" href=\"https:\/\/mes-arquitectes.com\/es\/servicios-arquitectura\/project-management-global\" \/>\n<meta property=\"og:locale\" content=\"es_ES\" \/>\n<meta property=\"og:type\" content=\"article\" \/>\n<meta property=\"og:title\" content=\"Project management - Mes Arquitectes\" \/>\n<meta property=\"og:description\" content=\"[vc_row equal_height=\u00bbyes\u00bb content_placement=\u00bbmiddle\u00bb css=\u00bb.vc_custom_1769102006256{margin-top: 30px !important;margin-bottom: 50px !important;}\u00bb][vc_column width=\u00bb1\/2&#8243;][vc_column_text css=\u00bb\u00bb]Incertidumbre VS Control. Dos maneras de gestionar el riesgo para dos actividades con un prop\u00f3sito compartido: la descarga de adrenalina y emociones. Durante la fase de proyecto aplicamos los m\u00e9todos del [&hellip;]\" \/>\n<meta property=\"og:url\" content=\"https:\/\/mes-arquitectes.com\/es\/servicios-arquitectura\/project-management-global\" \/>\n<meta property=\"og:site_name\" content=\"Mes Arquitectes\" \/>\n<meta property=\"article:modified_time\" content=\"2026-02-05T14:08:55+00:00\" \/>\n<meta name=\"twitter:card\" content=\"summary_large_image\" \/>\n<meta name=\"twitter:label1\" content=\"Tiempo de lectura\" \/>\n\t<meta name=\"twitter:data1\" content=\"2 minutos\" \/>\n<script type=\"application\/ld+json\" class=\"yoast-schema-graph\">{\"@context\":\"https:\/\/schema.org\",\"@graph\":[{\"@type\":\"WebPage\",\"@id\":\"https:\/\/mes-arquitectes.com\/es\/servicios-arquitectura\/project-management-global\",\"url\":\"https:\/\/mes-arquitectes.com\/es\/servicios-arquitectura\/project-management-global\",\"name\":\"Project management - Mes Arquitectes\",\"isPartOf\":{\"@id\":\"https:\/\/mes-arquitectes.com\/es#website\"},\"datePublished\":\"2026-02-02T10:24:17+00:00\",\"dateModified\":\"2026-02-05T14:08:55+00:00\",\"breadcrumb\":{\"@id\":\"https:\/\/mes-arquitectes.com\/es\/servicios-arquitectura\/project-management-global#breadcrumb\"},\"inLanguage\":\"es\",\"potentialAction\":[{\"@type\":\"ReadAction\",\"target\":[\"https:\/\/mes-arquitectes.com\/es\/servicios-arquitectura\/project-management-global\"]}]},{\"@type\":\"BreadcrumbList\",\"@id\":\"https:\/\/mes-arquitectes.com\/es\/servicios-arquitectura\/project-management-global#breadcrumb\",\"itemListElement\":[{\"@type\":\"ListItem\",\"position\":1,\"name\":\"Portada\",\"item\":\"https:\/\/mes-arquitectes.com\/es\"},{\"@type\":\"ListItem\",\"position\":2,\"name\":\"Servicios de arquitectura\",\"item\":\"https:\/\/mes-arquitectes.com\/es\/servicios-arquitectura\"},{\"@type\":\"ListItem\",\"position\":3,\"name\":\"Project management\"}]},{\"@type\":\"WebSite\",\"@id\":\"https:\/\/mes-arquitectes.com\/es#website\",\"url\":\"https:\/\/mes-arquitectes.com\/es\",\"name\":\"Mes Arquitectes\",\"description\":\"Arquitectes i interioristes de Barcelona\",\"potentialAction\":[{\"@type\":\"SearchAction\",\"target\":{\"@type\":\"EntryPoint\",\"urlTemplate\":\"https:\/\/mes-arquitectes.com\/es?s={search_term_string}\"},\"query-input\":{\"@type\":\"PropertyValueSpecification\",\"valueRequired\":true,\"valueName\":\"search_term_string\"}}],\"inLanguage\":\"es\"}]}<\/script>\n<!-- \/ Yoast SEO plugin. -->","yoast_head_json":{"title":"Project management - Mes Arquitectes","robots":{"index":"index","follow":"follow","max-snippet":"max-snippet:-1","max-image-preview":"max-image-preview:large","max-video-preview":"max-video-preview:-1"},"canonical":"https:\/\/mes-arquitectes.com\/es\/servicios-arquitectura\/project-management-global","og_locale":"es_ES","og_type":"article","og_title":"Project management - Mes Arquitectes","og_description":"[vc_row equal_height=\u00bbyes\u00bb content_placement=\u00bbmiddle\u00bb css=\u00bb.vc_custom_1769102006256{margin-top: 30px !important;margin-bottom: 50px !important;}\u00bb][vc_column width=\u00bb1\/2&#8243;][vc_column_text css=\u00bb\u00bb]Incertidumbre VS Control. Dos maneras de gestionar el riesgo para dos actividades con un prop\u00f3sito compartido: la descarga de adrenalina y emociones. Durante la fase de proyecto aplicamos los m\u00e9todos del [&hellip;]","og_url":"https:\/\/mes-arquitectes.com\/es\/servicios-arquitectura\/project-management-global","og_site_name":"Mes Arquitectes","article_modified_time":"2026-02-05T14:08:55+00:00","twitter_card":"summary_large_image","twitter_misc":{"Tiempo de lectura":"2 minutos"},"schema":{"@context":"https:\/\/schema.org","@graph":[{"@type":"WebPage","@id":"https:\/\/mes-arquitectes.com\/es\/servicios-arquitectura\/project-management-global","url":"https:\/\/mes-arquitectes.com\/es\/servicios-arquitectura\/project-management-global","name":"Project management - Mes Arquitectes","isPartOf":{"@id":"https:\/\/mes-arquitectes.com\/es#website"},"datePublished":"2026-02-02T10:24:17+00:00","dateModified":"2026-02-05T14:08:55+00:00","breadcrumb":{"@id":"https:\/\/mes-arquitectes.com\/es\/servicios-arquitectura\/project-management-global#breadcrumb"},"inLanguage":"es","potentialAction":[{"@type":"ReadAction","target":["https:\/\/mes-arquitectes.com\/es\/servicios-arquitectura\/project-management-global"]}]},{"@type":"BreadcrumbList","@id":"https:\/\/mes-arquitectes.com\/es\/servicios-arquitectura\/project-management-global#breadcrumb","itemListElement":[{"@type":"ListItem","position":1,"name":"Portada","item":"https:\/\/mes-arquitectes.com\/es"},{"@type":"ListItem","position":2,"name":"Servicios de arquitectura","item":"https:\/\/mes-arquitectes.com\/es\/servicios-arquitectura"},{"@type":"ListItem","position":3,"name":"Project management"}]},{"@type":"WebSite","@id":"https:\/\/mes-arquitectes.com\/es#website","url":"https:\/\/mes-arquitectes.com\/es","name":"Mes Arquitectes","description":"Arquitectes i interioristes de Barcelona","potentialAction":[{"@type":"SearchAction","target":{"@type":"EntryPoint","urlTemplate":"https:\/\/mes-arquitectes.com\/es?s={search_term_string}"},"query-input":{"@type":"PropertyValueSpecification","valueRequired":true,"valueName":"search_term_string"}}],"inLanguage":"es"}]}},"_links":{"self":[{"href":"https:\/\/mes-arquitectes.com\/es\/wp-json\/wp\/v2\/pages\/10879","targetHints":{"allow":["GET"]}}],"collection":[{"href":"https:\/\/mes-arquitectes.com\/es\/wp-json\/wp\/v2\/pages"}],"about":[{"href":"https:\/\/mes-arquitectes.com\/es\/wp-json\/wp\/v2\/types\/page"}],"author":[{"embeddable":true,"href":"https:\/\/mes-arquitectes.com\/es\/wp-json\/wp\/v2\/users\/1"}],"replies":[{"embeddable":true,"href":"https:\/\/mes-arquitectes.com\/es\/wp-json\/wp\/v2\/comments?post=10879"}],"version-history":[{"count":3,"href":"https:\/\/mes-arquitectes.com\/es\/wp-json\/wp\/v2\/pages\/10879\/revisions"}],"predecessor-version":[{"id":10889,"href":"https:\/\/mes-arquitectes.com\/es\/wp-json\/wp\/v2\/pages\/10879\/revisions\/10889"}],"up":[{"embeddable":true,"href":"https:\/\/mes-arquitectes.com\/es\/wp-json\/wp\/v2\/pages\/10731"}],"wp:attachment":[{"href":"https:\/\/mes-arquitectes.com\/es\/wp-json\/wp\/v2\/media?parent=10879"}],"curies":[{"name":"wp","href":"https:\/\/api.w.org\/{rel}","templated":true}]}}

<div class="wpb-content-wrapper"><p>[vc_row equal_height=»yes» content_placement=»middle» css=».vc_custom_1769102006256{margin-top: 30px !important;margin-bottom: 50px !important;}»][vc_column width=»1/2&#8243;][vc_column_text css=»»]<strong><em>Incertidumbre VS Control. Dos maneras de gestionar el riesgo para dos actividades con un propósito compartido: la descarga de adrenalina y emociones.</em></strong></p>
<p>Durante la fase de proyecto aplicamos los métodos del Management para controlar en todo momento el proceso arquitectónico defendiendo los intereses de nuestros clientes, buscando la mejor calidad de ejecución al menor coste posible y evitando las desviaciones de presupuesto por imprevistos.</p>
<p>El proyecto arquitectónico es un proceso más de los distintos que van a desarrollarse para lograr los objetivos marcados por el cliente. Por ello es importante establecer previamente otros procesos como la viabilidad económica y otros de manera posterior como el control del presupuesto ya en fase ejecutiva o la monitorización durante el proceso de ejecución de la obra. Paralelamente deberán coordinarse los diferentes agentes implicados sin perder de vista su impacto e influencia en el proyecto.</p>
<p>Solamente desde una perspectiva global del conjunto se podrá garantizar el éxito del resultado. Tiempo, alcance y coste.[/vc_column_text][/vc_column][vc_column width=»1/2&#8243;][vc_single_image image=»10757&#8243; img_size=»635&#215;350&#8243; css=»»][/vc_column][/vc_row][vc_row css=».vc_custom_1769510038763{margin-top: 50px !important;margin-bottom: 50px !important;}»][vc_column][vc_column_text css=»»]</p>
<blockquote><p><strong>“Gestión es hacer las cosas bien, liderazgo es hacer lo correcto.”</strong></p>
<p>(Peter Drucker, padre de la administración en el siglo XX)</p></blockquote>
<p>[/vc_column_text][/vc_column][/vc_row][vc_row full_width=»stretch_row» simple_background_color=»#F5F5F5&#8243; css=».vc_custom_1770029708799{padding-top: 40px !important;padding-bottom: 40px !important;background-color: #F5F5F5 !important;}»][vc_column]<div class="edgtf-call-to-action-holder  edgtf-normal-layout edgtf-content-in-grid edgtf-three-quarters-columns">
	<div class="edgtf-cta-inner  edgtf-grid">
		<div class="edgtf-cta-text-holder">
			<div class="edgtf-cta-text">
<h4><strong>¿Necesitas más información sobre nuestros servicios?</strong></h4>
<h5>Pídenos presupuesto sin compromiso</h5>
</div>
		</div>
		<div class="edgtf-cta-button-holder" >
			<div class="edgtf-cta-button"><a itemprop="url" href="/contacte" target="_self"  class="edgtf-btn edgtf-btn-medium edgtf-btn-solid"  >    <span class="edgtf-btn-text">Contáctanos</span>    </a></div>
		</div>
	</div>
</div>[/vc_column][/vc_row]</p>
</div>

<p>[vc_row equal_height=»yes» content_placement=»middle» css=».vc_custom_1769102006256{margin-top: 30px !important;margin-bottom: 50px !important;}»][vc_column width=»1/2&#8243;][vc_column_text css=»»]Incertidumbre VS Control. Dos maneras de gestionar el riesgo para dos actividades con un propósito compartido: la descarga de adrenalina y emociones. Durante la fase de proyecto aplicamos los métodos del [&hellip;]</p>

<!-- This site is optimized with the Yoast SEO plugin v26.9 - https://yoast.com/product/yoast-seo-wordpress/ -->
<title>Project management - Mes Arquitectes</title>
<meta name="robots" content="index, follow, max-snippet:-1, max-image-preview:large, max-video-preview:-1" />
<link rel="canonical" href="https://mes-arquitectes.com/es/servicios-arquitectura/project-management-global" />
<meta property="og:locale" content="es_ES" />
<meta property="og:type" content="article" />
<meta property="og:title" content="Project management - Mes Arquitectes" />
<meta property="og:description" content="[vc_row equal_height=»yes» content_placement=»middle» css=».vc_custom_1769102006256{margin-top: 30px !important;margin-bottom: 50px !important;}»][vc_column width=»1/2&#8243;][vc_column_text css=»»]Incertidumbre VS Control. Dos maneras de gestionar el riesgo para dos actividades con un propósito compartido: la descarga de adrenalina y emociones. Durante la fase de proyecto aplicamos los métodos del [&hellip;]" />
<meta property="og:url" content="https://mes-arquitectes.com/es/servicios-arquitectura/project-management-global" />
<meta property="og:site_name" content="Mes Arquitectes" />
<meta property="article:modified_time" content="2026-02-05T14:08:55+00:00" />
<meta name="twitter:card" content="summary_large_image" />
<meta name="twitter:label1" content="Tiempo de lectura" />
	<meta name="twitter:data1" content="2 minutos" />
<script type="application/ld+json" class="yoast-schema-graph">{"@context":"https://schema.org","@graph":[{"@type":"WebPage","@id":"https://mes-arquitectes.com/es/servicios-arquitectura/project-management-global","url":"https://mes-arquitectes.com/es/servicios-arquitectura/project-management-global","name":"Project management - Mes Arquitectes","isPartOf":{"@id":"https://mes-arquitectes.com/es#website"},"datePublished":"2026-02-02T10:24:17+00:00","dateModified":"2026-02-05T14:08:55+00:00","breadcrumb":{"@id":"https://mes-arquitectes.com/es/servicios-arquitectura/project-management-global#breadcrumb"},"inLanguage":"es","potentialAction":[{"@type":"ReadAction","target":["https://mes-arquitectes.com/es/servicios-arquitectura/project-management-global"]}]},{"@type":"BreadcrumbList","@id":"https://mes-arquitectes.com/es/servicios-arquitectura/project-management-global#breadcrumb","itemListElement":[{"@type":"ListItem","position":1,"name":"Portada","item":"https://mes-arquitectes.com/es"},{"@type":"ListItem","position":2,"name":"Servicios de arquitectura","item":"https://mes-arquitectes.com/es/servicios-arquitectura"},{"@type":"ListItem","position":3,"name":"Project management"}]},{"@type":"WebSite","@id":"https://mes-arquitectes.com/es#website","url":"https://mes-arquitectes.com/es","name":"Mes Arquitectes","description":"Arquitectes i interioristes de Barcelona","potentialAction":[{"@type":"SearchAction","target":{"@type":"EntryPoint","urlTemplate":"https://mes-arquitectes.com/es?s={search_term_string}"},"query-input":{"@type":"PropertyValueSpecification","valueRequired":true,"valueName":"search_term_string"}}],"inLanguage":"es"}]}</script>
<!-- / Yoast SEO plugin. -->

[vc_row equal_height=»yes» content_placement=»middle» css=».vc_custom_1769102006256{margin-top: 30px !important;margin-bottom: 50px !important;}»][vc_column width=»1/2&#8243;][vc_column_text css=»»]Incertidumbre VS Control. Dos maneras de gestionar el riesgo para dos actividades con un propósito compartido: la descarga de adrenalina y emociones. Durante la fase de proyecto aplicamos los métodos del [&hellip;]
