{"id":10885,"date":"2026-02-02T16:28:41","date_gmt":"2026-02-02T15:28:41","guid":{"rendered":"https:\/\/mes-arquitectes.com\/servicios-arquitectura\/representacio-virtual"},"modified":"2026-02-05T14:08:18","modified_gmt":"2026-02-05T14:08:18","slug":"representacion-virtual","status":"publish","type":"page","link":"https:\/\/mes-arquitectes.com\/es\/servicios-arquitectura\/representacion-virtual","title":{"rendered":"Representaci\u00f3n virtual"},"content":{"rendered":"<div class=\"wpb-content-wrapper\"><p>[vc_row equal_height=\u00bbyes\u00bb content_placement=\u00bbmiddle\u00bb css=\u00bb.vc_custom_1769102006256{margin-top: 30px !important;margin-bottom: 50px !important;}\u00bb][vc_column width=\u00bb1\/2&#8243;][vc_column_text css=\u00bb\u00bb]<\/p>\n<p style=\"text-align: left;\">Poder ver los espacios acabados durante la fase de proyecto puede ser de gran utilidad para ayudarnos a decidir sobre cuestiones que afectar\u00e1n en gran medida a nuestro presupuesto, agilizando el desarrollo de la obra y evitando que tengamos que conformarnos con algo que no nos convence del todo por el simple hecho de que ha sido ejecutado.<\/p>\n<p style=\"text-align: left;\">Ofrecemos la tecnolog\u00eda capaz de sumergir al usuario en los espacios antes de ser materializados para lograr una mejor definici\u00f3n de lo que despu\u00e9s va a perdurar construido para siempre.<\/p>\n<p>[\/vc_column_text][\/vc_column][vc_column width=\u00bb1\/2&#8243;][vc_video link=\u00bbhttps:\/\/www.youtube.com\/watch?v=i-nPNX7CkxM\u00bb css=\u00bb\u00bb][\/vc_column][\/vc_row][vc_row css=\u00bb.vc_custom_1769510038763{margin-top: 50px !important;margin-bottom: 50px !important;}\u00bb][vc_column][vc_column_text css=\u00bb\u00bb]<\/p>\n<blockquote><p><strong>\u201cS\u00f3lo las im\u00e1genes poderosamente concebidas, tienen la capacidad de penetrar en la memoria, de quedarse all\u00ed; en una palabra, de convertirse en inolvidables.\u201d<\/strong><\/p>\n<p>(Gyula Hal\u00e1sz, Brassa\u00ef, fot\u00f3grafo h\u00fangaro)<\/p><\/blockquote>\n<p>[\/vc_column_text][\/vc_column][\/vc_row][vc_row full_width=\u00bbstretch_row\u00bb simple_background_color=\u00bb#F5F5F5&#8243; css=\u00bb.vc_custom_1770029708799{padding-top: 40px !important;padding-bottom: 40px !important;background-color: #F5F5F5 !important;}\u00bb][vc_column]<div class=\"edgtf-call-to-action-holder  edgtf-normal-layout edgtf-content-in-grid edgtf-three-quarters-columns\">\n\t<div class=\"edgtf-cta-inner  edgtf-grid\">\n\t\t<div class=\"edgtf-cta-text-holder\">\n\t\t\t<div class=\"edgtf-cta-text\">\n<h4><strong>\u00bfNecesitas m\u00e1s informaci\u00f3n sobre nuestros servicios?<\/strong><\/h4>\n<h5>P\u00eddenos presupuesto sin compromiso<\/h5>\n<\/div>\n\t\t<\/div>\n\t\t<div class=\"edgtf-cta-button-holder\" >\n\t\t\t<div class=\"edgtf-cta-button\"><a itemprop=\"url\" href=\"\/contacte\" target=\"_self\"  class=\"edgtf-btn edgtf-btn-medium edgtf-btn-solid\"  >    <span class=\"edgtf-btn-text\">Cont\u00e1ctanos<\/span>    <\/a><\/div>\n\t\t<\/div>\n\t<\/div>\n<\/div>[\/vc_column][\/vc_row]<\/p>\n<\/div>","protected":false},"excerpt":{"rendered":"<p>[vc_row equal_height=\u00bbyes\u00bb content_placement=\u00bbmiddle\u00bb css=\u00bb.vc_custom_1769102006256{margin-top: 30px !important;margin-bottom: 50px !important;}\u00bb][vc_column width=\u00bb1\/2&#8243;][vc_column_text css=\u00bb\u00bb] Poder ver los espacios acabados durante la fase de proyecto puede ser de gran utilidad para ayudarnos a decidir sobre cuestiones que afectar\u00e1n en gran medida a nuestro presupuesto, agilizando [&hellip;]<\/p>\n","protected":false},"author":1,"featured_media":0,"parent":10731,"menu_order":0,"comment_status":"closed","ping_status":"closed","template":"","meta":{"footnotes":""},"class_list":["post-10885","page","type-page","status-publish","hentry"],"yoast_head":"<!-- This site is optimized with the Yoast SEO plugin v26.9 - https:\/\/yoast.com\/product\/yoast-seo-wordpress\/ -->\n<title>Representaci\u00f3n virtual - Mes Arquitectes<\/title>\n<meta name=\"robots\" content=\"index, follow, max-snippet:-1, max-image-preview:large, max-video-preview:-1\" \/>\n<link rel=\"canonical\" href=\"https:\/\/mes-arquitectes.com\/es\/servicios-arquitectura\/representacion-virtual\" \/>\n<meta property=\"og:locale\" content=\"es_ES\" \/>\n<meta property=\"og:type\" content=\"article\" \/>\n<meta property=\"og:title\" content=\"Representaci\u00f3n virtual - Mes Arquitectes\" \/>\n<meta property=\"og:description\" content=\"[vc_row equal_height=\u00bbyes\u00bb content_placement=\u00bbmiddle\u00bb css=\u00bb.vc_custom_1769102006256{margin-top: 30px !important;margin-bottom: 50px !important;}\u00bb][vc_column width=\u00bb1\/2&#8243;][vc_column_text css=\u00bb\u00bb] Poder ver los espacios acabados durante la fase de proyecto puede ser de gran utilidad para ayudarnos a decidir sobre cuestiones que afectar\u00e1n en gran medida a nuestro presupuesto, agilizando [&hellip;]\" \/>\n<meta property=\"og:url\" content=\"https:\/\/mes-arquitectes.com\/es\/servicios-arquitectura\/representacion-virtual\" \/>\n<meta property=\"og:site_name\" content=\"Mes Arquitectes\" \/>\n<meta property=\"article:modified_time\" content=\"2026-02-05T14:08:18+00:00\" \/>\n<meta name=\"twitter:card\" content=\"summary_large_image\" \/>\n<meta name=\"twitter:label1\" content=\"Tiempo de lectura\" \/>\n\t<meta name=\"twitter:data1\" content=\"1 minuto\" \/>\n<script type=\"application\/ld+json\" class=\"yoast-schema-graph\">{\"@context\":\"https:\/\/schema.org\",\"@graph\":[{\"@type\":\"WebPage\",\"@id\":\"https:\/\/mes-arquitectes.com\/es\/servicios-arquitectura\/representacion-virtual\",\"url\":\"https:\/\/mes-arquitectes.com\/es\/servicios-arquitectura\/representacion-virtual\",\"name\":\"Representaci\u00f3n virtual - Mes Arquitectes\",\"isPartOf\":{\"@id\":\"https:\/\/mes-arquitectes.com\/es#website\"},\"datePublished\":\"2026-02-02T15:28:41+00:00\",\"dateModified\":\"2026-02-05T14:08:18+00:00\",\"breadcrumb\":{\"@id\":\"https:\/\/mes-arquitectes.com\/es\/servicios-arquitectura\/representacion-virtual#breadcrumb\"},\"inLanguage\":\"es\",\"potentialAction\":[{\"@type\":\"ReadAction\",\"target\":[\"https:\/\/mes-arquitectes.com\/es\/servicios-arquitectura\/representacion-virtual\"]}]},{\"@type\":\"BreadcrumbList\",\"@id\":\"https:\/\/mes-arquitectes.com\/es\/servicios-arquitectura\/representacion-virtual#breadcrumb\",\"itemListElement\":[{\"@type\":\"ListItem\",\"position\":1,\"name\":\"Portada\",\"item\":\"https:\/\/mes-arquitectes.com\/es\"},{\"@type\":\"ListItem\",\"position\":2,\"name\":\"Servicios de arquitectura\",\"item\":\"https:\/\/mes-arquitectes.com\/es\/servicios-arquitectura\"},{\"@type\":\"ListItem\",\"position\":3,\"name\":\"Representaci\u00f3n virtual\"}]},{\"@type\":\"WebSite\",\"@id\":\"https:\/\/mes-arquitectes.com\/es#website\",\"url\":\"https:\/\/mes-arquitectes.com\/es\",\"name\":\"Mes Arquitectes\",\"description\":\"Arquitectes i interioristes de Barcelona\",\"potentialAction\":[{\"@type\":\"SearchAction\",\"target\":{\"@type\":\"EntryPoint\",\"urlTemplate\":\"https:\/\/mes-arquitectes.com\/es?s={search_term_string}\"},\"query-input\":{\"@type\":\"PropertyValueSpecification\",\"valueRequired\":true,\"valueName\":\"search_term_string\"}}],\"inLanguage\":\"es\"}]}<\/script>\n<!-- \/ Yoast SEO plugin. -->","yoast_head_json":{"title":"Representaci\u00f3n virtual - Mes Arquitectes","robots":{"index":"index","follow":"follow","max-snippet":"max-snippet:-1","max-image-preview":"max-image-preview:large","max-video-preview":"max-video-preview:-1"},"canonical":"https:\/\/mes-arquitectes.com\/es\/servicios-arquitectura\/representacion-virtual","og_locale":"es_ES","og_type":"article","og_title":"Representaci\u00f3n virtual - Mes Arquitectes","og_description":"[vc_row equal_height=\u00bbyes\u00bb content_placement=\u00bbmiddle\u00bb css=\u00bb.vc_custom_1769102006256{margin-top: 30px !important;margin-bottom: 50px !important;}\u00bb][vc_column width=\u00bb1\/2&#8243;][vc_column_text css=\u00bb\u00bb] Poder ver los espacios acabados durante la fase de proyecto puede ser de gran utilidad para ayudarnos a decidir sobre cuestiones que afectar\u00e1n en gran medida a nuestro presupuesto, agilizando [&hellip;]","og_url":"https:\/\/mes-arquitectes.com\/es\/servicios-arquitectura\/representacion-virtual","og_site_name":"Mes Arquitectes","article_modified_time":"2026-02-05T14:08:18+00:00","twitter_card":"summary_large_image","twitter_misc":{"Tiempo de lectura":"1 minuto"},"schema":{"@context":"https:\/\/schema.org","@graph":[{"@type":"WebPage","@id":"https:\/\/mes-arquitectes.com\/es\/servicios-arquitectura\/representacion-virtual","url":"https:\/\/mes-arquitectes.com\/es\/servicios-arquitectura\/representacion-virtual","name":"Representaci\u00f3n virtual - Mes Arquitectes","isPartOf":{"@id":"https:\/\/mes-arquitectes.com\/es#website"},"datePublished":"2026-02-02T15:28:41+00:00","dateModified":"2026-02-05T14:08:18+00:00","breadcrumb":{"@id":"https:\/\/mes-arquitectes.com\/es\/servicios-arquitectura\/representacion-virtual#breadcrumb"},"inLanguage":"es","potentialAction":[{"@type":"ReadAction","target":["https:\/\/mes-arquitectes.com\/es\/servicios-arquitectura\/representacion-virtual"]}]},{"@type":"BreadcrumbList","@id":"https:\/\/mes-arquitectes.com\/es\/servicios-arquitectura\/representacion-virtual#breadcrumb","itemListElement":[{"@type":"ListItem","position":1,"name":"Portada","item":"https:\/\/mes-arquitectes.com\/es"},{"@type":"ListItem","position":2,"name":"Servicios de arquitectura","item":"https:\/\/mes-arquitectes.com\/es\/servicios-arquitectura"},{"@type":"ListItem","position":3,"name":"Representaci\u00f3n virtual"}]},{"@type":"WebSite","@id":"https:\/\/mes-arquitectes.com\/es#website","url":"https:\/\/mes-arquitectes.com\/es","name":"Mes Arquitectes","description":"Arquitectes i interioristes de Barcelona","potentialAction":[{"@type":"SearchAction","target":{"@type":"EntryPoint","urlTemplate":"https:\/\/mes-arquitectes.com\/es?s={search_term_string}"},"query-input":{"@type":"PropertyValueSpecification","valueRequired":true,"valueName":"search_term_string"}}],"inLanguage":"es"}]}},"_links":{"self":[{"href":"https:\/\/mes-arquitectes.com\/es\/wp-json\/wp\/v2\/pages\/10885","targetHints":{"allow":["GET"]}}],"collection":[{"href":"https:\/\/mes-arquitectes.com\/es\/wp-json\/wp\/v2\/pages"}],"about":[{"href":"https:\/\/mes-arquitectes.com\/es\/wp-json\/wp\/v2\/types\/page"}],"author":[{"embeddable":true,"href":"https:\/\/mes-arquitectes.com\/es\/wp-json\/wp\/v2\/users\/1"}],"replies":[{"embeddable":true,"href":"https:\/\/mes-arquitectes.com\/es\/wp-json\/wp\/v2\/comments?post=10885"}],"version-history":[{"count":3,"href":"https:\/\/mes-arquitectes.com\/es\/wp-json\/wp\/v2\/pages\/10885\/revisions"}],"predecessor-version":[{"id":10888,"href":"https:\/\/mes-arquitectes.com\/es\/wp-json\/wp\/v2\/pages\/10885\/revisions\/10888"}],"up":[{"embeddable":true,"href":"https:\/\/mes-arquitectes.com\/es\/wp-json\/wp\/v2\/pages\/10731"}],"wp:attachment":[{"href":"https:\/\/mes-arquitectes.com\/es\/wp-json\/wp\/v2\/media?parent=10885"}],"curies":[{"name":"wp","href":"https:\/\/api.w.org\/{rel}","templated":true}]}}

Representación virtual

<div class="wpb-content-wrapper"><p>[vc_row equal_height=»yes» content_placement=»middle» css=».vc_custom_1769102006256{margin-top: 30px !important;margin-bottom: 50px !important;}»][vc_column width=»1/2&#8243;][vc_column_text css=»»]</p>
<p style="text-align: left;">Poder ver los espacios acabados durante la fase de proyecto puede ser de gran utilidad para ayudarnos a decidir sobre cuestiones que afectarán en gran medida a nuestro presupuesto, agilizando el desarrollo de la obra y evitando que tengamos que conformarnos con algo que no nos convence del todo por el simple hecho de que ha sido ejecutado.</p>
<p style="text-align: left;">Ofrecemos la tecnología capaz de sumergir al usuario en los espacios antes de ser materializados para lograr una mejor definición de lo que después va a perdurar construido para siempre.</p>
<p>[/vc_column_text][/vc_column][vc_column width=»1/2&#8243;][vc_video link=»https://www.youtube.com/watch?v=i-nPNX7CkxM» css=»»][/vc_column][/vc_row][vc_row css=».vc_custom_1769510038763{margin-top: 50px !important;margin-bottom: 50px !important;}»][vc_column][vc_column_text css=»»]</p>
<blockquote><p><strong>“Sólo las imágenes poderosamente concebidas, tienen la capacidad de penetrar en la memoria, de quedarse allí; en una palabra, de convertirse en inolvidables.”</strong></p>
<p>(Gyula Halász, Brassaï, fotógrafo húngaro)</p></blockquote>
<p>[/vc_column_text][/vc_column][/vc_row][vc_row full_width=»stretch_row» simple_background_color=»#F5F5F5&#8243; css=».vc_custom_1770029708799{padding-top: 40px !important;padding-bottom: 40px !important;background-color: #F5F5F5 !important;}»][vc_column]<div class="edgtf-call-to-action-holder  edgtf-normal-layout edgtf-content-in-grid edgtf-three-quarters-columns">
	<div class="edgtf-cta-inner  edgtf-grid">
		<div class="edgtf-cta-text-holder">
			<div class="edgtf-cta-text">
<h4><strong>¿Necesitas más información sobre nuestros servicios?</strong></h4>
<h5>Pídenos presupuesto sin compromiso</h5>
</div>
		</div>
		<div class="edgtf-cta-button-holder" >
			<div class="edgtf-cta-button"><a itemprop="url" href="/contacte" target="_self"  class="edgtf-btn edgtf-btn-medium edgtf-btn-solid"  >    <span class="edgtf-btn-text">Contáctanos</span>    </a></div>
		</div>
	</div>
</div>[/vc_column][/vc_row]</p>
</div>

<p>[vc_row equal_height=»yes» content_placement=»middle» css=».vc_custom_1769102006256{margin-top: 30px !important;margin-bottom: 50px !important;}»][vc_column width=»1/2&#8243;][vc_column_text css=»»] Poder ver los espacios acabados durante la fase de proyecto puede ser de gran utilidad para ayudarnos a decidir sobre cuestiones que afectarán en gran medida a nuestro presupuesto, agilizando [&hellip;]</p>

<!-- This site is optimized with the Yoast SEO plugin v26.9 - https://yoast.com/product/yoast-seo-wordpress/ -->
<title>Representación virtual - Mes Arquitectes</title>
<meta name="robots" content="index, follow, max-snippet:-1, max-image-preview:large, max-video-preview:-1" />
<link rel="canonical" href="https://mes-arquitectes.com/es/servicios-arquitectura/representacion-virtual" />
<meta property="og:locale" content="es_ES" />
<meta property="og:type" content="article" />
<meta property="og:title" content="Representación virtual - Mes Arquitectes" />
<meta property="og:description" content="[vc_row equal_height=»yes» content_placement=»middle» css=».vc_custom_1769102006256{margin-top: 30px !important;margin-bottom: 50px !important;}»][vc_column width=»1/2&#8243;][vc_column_text css=»»] Poder ver los espacios acabados durante la fase de proyecto puede ser de gran utilidad para ayudarnos a decidir sobre cuestiones que afectarán en gran medida a nuestro presupuesto, agilizando [&hellip;]" />
<meta property="og:url" content="https://mes-arquitectes.com/es/servicios-arquitectura/representacion-virtual" />
<meta property="og:site_name" content="Mes Arquitectes" />
<meta property="article:modified_time" content="2026-02-05T14:08:18+00:00" />
<meta name="twitter:card" content="summary_large_image" />
<meta name="twitter:label1" content="Tiempo de lectura" />
	<meta name="twitter:data1" content="1 minuto" />
<script type="application/ld+json" class="yoast-schema-graph">{"@context":"https://schema.org","@graph":[{"@type":"WebPage","@id":"https://mes-arquitectes.com/es/servicios-arquitectura/representacion-virtual","url":"https://mes-arquitectes.com/es/servicios-arquitectura/representacion-virtual","name":"Representación virtual - Mes Arquitectes","isPartOf":{"@id":"https://mes-arquitectes.com/es#website"},"datePublished":"2026-02-02T15:28:41+00:00","dateModified":"2026-02-05T14:08:18+00:00","breadcrumb":{"@id":"https://mes-arquitectes.com/es/servicios-arquitectura/representacion-virtual#breadcrumb"},"inLanguage":"es","potentialAction":[{"@type":"ReadAction","target":["https://mes-arquitectes.com/es/servicios-arquitectura/representacion-virtual"]}]},{"@type":"BreadcrumbList","@id":"https://mes-arquitectes.com/es/servicios-arquitectura/representacion-virtual#breadcrumb","itemListElement":[{"@type":"ListItem","position":1,"name":"Portada","item":"https://mes-arquitectes.com/es"},{"@type":"ListItem","position":2,"name":"Servicios de arquitectura","item":"https://mes-arquitectes.com/es/servicios-arquitectura"},{"@type":"ListItem","position":3,"name":"Representación virtual"}]},{"@type":"WebSite","@id":"https://mes-arquitectes.com/es#website","url":"https://mes-arquitectes.com/es","name":"Mes Arquitectes","description":"Arquitectes i interioristes de Barcelona","potentialAction":[{"@type":"SearchAction","target":{"@type":"EntryPoint","urlTemplate":"https://mes-arquitectes.com/es?s={search_term_string}"},"query-input":{"@type":"PropertyValueSpecification","valueRequired":true,"valueName":"search_term_string"}}],"inLanguage":"es"}]}</script>
<!-- / Yoast SEO plugin. -->

Representación virtual - Mes Arquitectes

[vc_row equal_height=»yes» content_placement=»middle» css=».vc_custom_1769102006256{margin-top: 30px !important;margin-bottom: 50px !important;}»][vc_column width=»1/2&#8243;][vc_column_text css=»»] Poder ver los espacios acabados durante la fase de proyecto puede ser de gran utilidad para ayudarnos a decidir sobre cuestiones que afectarán en gran medida a nuestro presupuesto, agilizando [&hellip;]
